
What is 99380 (base 11) in base 15?
2cad4
2133020112 (base 4) to base 10
651798
What is 10001010101011001011 (base 2) in base 4?
2022223023
Convert 9ea20 (base 16) to base 5.
131243020
4332442320 (base 5) to base 2
100011010110000010110111
1149809 (base 10) to base 14
21d053
Convert -790894 (base 10) to base 15.
-109514
2402072 (base 8) to base 5
132001232
Convert -628a452 (base 11) to base 13.
-23b047c
Convert -73532d (base 14) to base 6.
-215245245
Convert -1111101001 (base 2) to base 7.
-2630
Convert 1171172 (base 9) to base 3.
1012101012102
Convert 11301110 (base 5) to base 14.
298d2
2474753 (base 9) to base 8
5111670
Convert -5563352 (base 9) to base 11.
-1765725
-17331563 (base 8) to base 14
-7738b1
Convert -1663627 (base 8) to base 7.
-4060533
What is -111000010101100101101 (base 2) in base 5?
-433033221
Convert 1010000010000111100011 (base 2) to base 11.
1537054
What is -452425012 (base 6) in base 9?
-16457638
Convert 629793 (base 13) to base 14.
440512
What is 342550122 (base 6) in base 12?
2138342
What is -40537 (base 8) in base 5?
-1013420
Convert -31615 (base 10) to base 16.
-7b7f
Convert 45020213 (base 6) to base 13.
3860b5
-5144204 (base 6) to base 13
-8867b
What is 10100001011100011 (base 2) in base 7?
462663
Convert -154589 (base 10) to base 11.
-a6166
Convert 10031132121 (base 4) to base 3.
2002002002100
What is -211010212012 (base 3) in base 11?
-2784a8
What is 44835 (base 12) in base 14?
25277
-168662 (base 9) to base 7
-614336
Convert 1043444301 (base 5) to base 3.
11101021112001
What is -24378484 (base 9) in base 16?
-b5e670
What is 12b392 (base 13) in base 3?
212000200111
What is 601062 (base 8) in base 11?
125156
What is -3a517 (base 11) in base 7?
-330451
Convert -102881 (base 13) to base 15.
-76b2e
Convert -101032 (base 7) to base 9.
-25501
What is -932179 (base 10) in base 3?
-1202100201011
Convert -122212021000 (base 3) to base 4.
-1111311033
Convert -48486 (base 15) to base 2.
-111000010001111110
120200000222021 (base 3) to base 14
116a6a6
What is -133245046 (base 7) in base 11?
-49673a5
Convert 395511 (base 11) to base 6.
21200310
What is 74503 (base 8) in base 6?
355415
-27121 (base 15) to base 10
-125131
-715780 (base 10) to base 12
-2a6284
-3620610 (base 7) to base 15
-90e7c
-100011101011100001011 (base 2) to base 16
-11d70b
-69006 (base 15) to base 10
-334131
-22012120001 (base 3) to base 8
-473353
Convert -c5b57a (base 14) to base 8.
-31361370
Convert -1001000101111111010110 (base 2) to base 5.
-1102240310
Convert -2392826 (base 10) to base 14.
-464042
What is 87889 (base 10) in base 2?
10101011101010001
Convert -843064 (base 10) to base 11.
-526452
Convert -19be13 (base 15) to base 4.
-10302131331
Convert -3a780 (base 11) to base 6.
-1125144
-1010111000110111000 (base 2) to base 8
-1270670
What is -d14f (base 16) in base 2?
-1101000101001111
-2608813 (base 10) to base 4
-21330322231
3d59d8 (base 15) to base 11
1739445
Convert -101479 (base 11) to base 15.
-33437
Convert 256461 (base 11) to base 12.
175858
What is -f03a (base 16) in base 10?
-61498
What is 920a1 (base 15) in base 10?
462526
-1c3a50 (base 14) to base 9
-1807167
What is 102110122000 (base 3) in base 8?
670670
Convert -3724060 (base 8) to base 7.
-11502351
What is -3551014 (base 6) in base 5?
-21414204
What is -25208276 (base 9) in base 10?
-12347304
6b2496 (base 12) to base 14
32ca30
Convert -e93fd (base 16) to base 12.
-3a0a79
What is 323213123 (base 4) in base 13?
871b8
Convert 18f9e4 (base 16) to base 7.
16625055
89a581 (base 12) to base 3
11010112111021
a24044 (base 13) to base 11
2151160
Convert 3312112204 (base 5) to base 10.
7144679
Convert -32034561 (base 8) to base 12.
-2354981
What is 10341210213 (base 5) in base 8?
53000556
What is 3311100213 (base 4) in base 5?
224121313
Convert -445163 (base 8) to base 5.
-14301011
1962b0 (base 12) to base 15
8c349
Convert 493224 (base 11) to base 12.
317636
533880 (base 13) to base 3
10200002011110
What is 4a42a9 (base 12) in base 6?
41533533
Convert 407447 (base 8) to base 16.
20f27
Convert 2123301001 (base 4) to base 3.
1012102012021
What is 5405a3 (base 16) in base 14?
a34a31
Convert -14144313 (base 5) to base 16.
-23d91
11120103021 (base 4) to base 16
1584c9
101001110111 (base 3) to base 2
110000010100001000
-8c0689 (base 14) to base 11
-2764a20
What is 145212213 (base 6) in base 2?
1011101000101000010001
Convert 2552776 (base 14) to base 3.
1020202210222110
Convert 10112201112221 (base 3) to base 6.
104214511
-33324134 (base 5) to base 16
-47643
Convert 5515105 (base 6) to base 15.
56552
-4101232 (base 5) to base 2
-10000000100011001
-113802 (base 10) to base 7
-652533
What is 92ae (base 16) in base 12?
19892
What is -809298 (base 10) in base 5?
-201344143
b8330 (base 12) to base 3
110022111100
What is -28a036 (base 14) in base 15?
-1ccdae
What is 856b7 (base 14) in base 10?
322385
-439876 (base 13) to base 15
-216ad7
What is -a36124 (base 11) in base 8?
-6257146
11415133 (base 6) to base 2
1010111111011000001
Convert 504157 (base 10) to base 5.
112113112
-221120333 (base 4) to base 5
-20411120
-242434313 (base 7) to base 12
-509a848
-4744460 (base 9) to base 2
-1001110011000111000101
1aa2884 (base 12) to base 10
5686372
742068 (base 10) to base 2
10110101001010110100
-21443210 (base 6) to base 11
-3aa559
What is -37d3d (base 15) in base 9?
-301744
Convert 10111110001011111000 (base 2) to base 9.
1416525
What is 215414 (base 6) in base 15?
5557
-1623103 (base 7) to base 5
-24134444
c93c1 (base 13) to base 5
43110134
18096 (base 12) to base 7
203043
What is 21122001212000 (base 3) in base 11?
2320407
-23130422 (base 6) to base 8
-2555756
What is -112134344 (base 5) in base 4?
-1323123333
-8362a8 (base 12) to base 3
-10212211210102
What is 2e7b1 (base 15) in base 7?
1164010
What is 101100100010000010011 (base 2) in base 10?
1459219
What is 1724fd (base 16) in base 9?
2761580
What is -2154662 (base 7) in base 12?
-1099b8
Convert 1a375b3 (base 12) to base 9.
11387380
Convert 14024432 (base 6) to base 13.
136019
What is -43cc0 (base 14) in base 12?
-7b194
What is -535131 (base 9) in base 13?
-b2090
-2113221030 (base 4) to base 2
-10010111101001001100
2514093 (base 10) to base 12
a12ab9
54822 (base 11) to base 14
20da1
593188 (base 10) to base 9
1103627
Convert -120348 (base 10) to base 8.
-353034
130202303 (base 4) to base 5
12220130
-12324331 (base 5) to base 14
-31d39
Convert 164a072 (base 11) to base 13.
774c20
Convert -10102022001200 (base 3) to base 10.
-1816713
What is 127ba (base 12) in base 16?
62fe
Convert 15270 (base 9) to base 14.
3b31
Convert 1001100111011 (base 2) to base 11.
3776
Convert -cb9715 (base 14) to base 2.
-11010010101001100010111
What is -54c3b (base 15) in base 2?
-1000001110001000101
What is -447825 (base 9) in base 15?
-5470e
What is -10357636 (base 9) in base 11?
-2904530
3232245 (base 7) to base 13
10a7a5
What is 112443333 (base 5) in base 10?
515468
22101301 (base 5) to base 14
4d786
What is 53cb8 (base 15) in base 7?
2155604
What is 576d (base 14) in base 7?
62166
What is 13703628 (base 9) in base 14?
c8b9c2
2112022110012 (base 3) to base 11
839249
Convert -5bbd16 (base 15) to base 2.
-10000110000101101011101
What is -200210222212000 (base 3) in base 5?
-10024430411
Convert -489943 (base 12) to base 2.
-100011111101000000011
-ac13d5 (base 16) to base 8
-53011725
What is -646754 (base 14) in base 5?
-1332223033
Convert -1021230323 (base 4) to base 5.
-34130013
-3216624 (base 12) to base 14
-138d828
Convert 330134141 (base 5) to base 2.
101011000101011010100
Convert 8380 (base 11) to base 8.
25533
What is 3214441104 (base 5) in base 2?
11001111011010001110100
What is -2989824 (base 10) in base 7?
-34261455
What is -52952 (base 11) in base 6?
-1352313
What is -110000010101000011110100 (base 2) in base 6?
-1131313324
-406665 (base 9) to base 6
-5100135
Convert 2040222 (base 5) to base 16.
8414
What is 112231223 (base 5) in base 13?
14a4a0
What is 12101022 (base 3) in base 15?
1268
What is a15c (base 16) in base 9?
62587
Convert 32645 (base 15) to base 9.
263472
861543 (base 9) to base 11
320411
65238 (base 9) to base 16
a8c8
What is -31a15 (base 13) in base 15?
-1b828
1200111102201 (base 3) to base 6
31105544
10000000101111111000 (base 2) to base 15
a63bc
Convert -